 - -33))?
0
-14 + -8 - -18 - 20
-24
What is the value of -10 + -7 + -12 + 56 + 1?
28
Calculate (0 - 1) + 3 + 2 - (-1075 + 1069).
10
7 - (75 + -22 + -30)
-16
Calculate (-2 - 27) + 5 + -4 + (6 - 5).
-27
Calculate 8 + 1 + -2 + (-22 - -12 - 5).
-8
Evaluate (-6 - (-4 + 15)) + 10 - 5.
-12
What is the value of (8 - (6 + 2 - (22 - 19))) + 0?
3
Calculate 10 + 7 - 1 - -12.
28
Calculate -25 - (-24 - -11 - 29).
17
What is -12 + 4 - (10 + -8)?
-10
What is -3 + (-3 - 1 - (-7 - (9 - 3)))?
6
-5 + (7 - 0) - (16 - 3)
-11
Calculate -4 + (1 - (-21 + 13 - 8)).
13
Evaluate (-18 - -9) + -3 - -3.
-9
Evaluate -4 + 37 + -47 + -12.
-26
Calculate 9 + -5 - ((-33 - -40) + (1 - 5)).
1
-1 + -1 + 0 + (-877 - -864)
-15
What is 16 - (6 + 1 + 7 + -14)?
16
Evaluate (69 - 42 - 34) + 17.
10
Calculate -14 + (25 - (8 - -4) - -6).
5
11 + (-2 - 1) + 5 + -7 + 7
13
What is the value of -69 + 74 - (6 - 1) - -3?
3
Evaluate (15 - 15 - (8 + 0)) + 3.
-5
Calculate 32 + (-25 - -28) + -25.
10
-4 + (-18 - (-56 + 15 + -10))
29
What is the value of -7 - 19 - -13 - -10?
-3
Calculate (17 - 31 - -17 - (1 + 8)) + 1.
-5
Evaluate 20 + 7 + -4 + -2 + -9.
12
Evaluate 8 - (-5 - 3 - -23 - 10).
3
What is (-1 - (-40 + -1)) + 991 + -1009?
22
Evaluate -5 + (5 - -2) + 5 + -13.
-6
Evaluate (19 + 40 - 29) + -52.
-22
-6 + (-5 - (0 + -21)) + -5 - -23
28
What is the value of -5 + -2 - (-13 - -14) - -6?
-2
What is the value of -71 + 73 - (16 - -2)?
-16
Calculate 6 + (0 - 2) + -10 + -7 - -8.
-5
Evaluate 0 + 5 + (-19 + 1 - -3).
-10
Evaluate -15 + -5 + 13 - -25.
18
What is the value of (-1 - -16) + 2 + -14 + -28?
-25
Evaluate 0 + (6 - (-6 - -17)) + 9 + 0.
4
Evaluate 6 + (-3 - (21 + -7)).
-11
What is (3 - (3 + -11)) + 2 + (13 - 6)?
20
What is the value of 41 + -8 + -13 - (12 - -1)?
7
Evaluate -5 + -9 - -33 - 20.
-1
What is the value of -8 - -1 - (8 - 24)?
9
What is the value of -194 - -161 - (3 + 0 + -16)?
-20
Calculate -5 + -2 + 18 - 13.
-2
What is -1 + -1 + (-160 - -148)?
-14
(4 - -1) + (-595 - -608)
18
What is the value of 5 + 35 + -41 + -23?
-24
What is (10 - 7 - 6 - (4 + -9)) + 29?
31
What is the value of (8 + 11 - (-3 - -16)) + -1?
5
11 + -15 + -3 - (-41 - (-7 + 7))
34
Calculate 33 - (7 + 32 + -24).
18
(0 - -10) + -3 + 2 + -14
-5
Calculate -12 + -3 + 6 + 6.
-3
What is the value of 10 - 46 - (89 + -150)?
25
What is 49 + -64 + (25 - -22)?
32
Calculate -5 + 4 + -2 + -3 + 8.
2
Calculate (-38 + 41 - -10) + 17.
30
33 + (-25 - 0) + (320 - 311)
17
What is the value of (-12 - -2 - (3 - (-4 - -31))) + -2?
12
Calculate (0 - 9) + (102 - 105).
-12
What is 1 + 6 + 123 + -118?
12
What is -41 + -41 + (14 - -95)?
27
What is the value of (-61 - -30) + (13 - 0)?
-18
What is 1 - -2 - (0 + -3) - (-1 + 2)?
5
-5 + 9 - 3 - (-2 - (1 + -3))
1
What is -16 - -58 - 23 - (-1 - -3)?
17
Evaluate -7 - (-11 - -5) - (-3 - 5 - 3).
10
Calculate -13 + (39 - 15) + -14.
-3
What is the value of 33 - (8 + 1) - 12?
12
What is the value of 8 + (1 - 1 - 8) + 9 + -13?
-4
What is (-39 - -12) + (2 - (-2 - -4)) + -1?
-28
What is (-9 - -19) + 7 - 13?
4
Calculate 6 + (5 - (11 - -3)) - (-16 + 15).
-2
(46 - 49) + (0 - -3) - (-1 - 4)
5
Calculate -12 + 0 - (17 + 5 + -28).
-6
Evaluate -27 + -52 + (79 - 39).
-39
Calculate 25 + -9 + -11 + (1 - 10).
-4
What is 2 - -27 - (191 - 187)?
25
What is the value of (0 + (7 - (-4 - -9)) - 0) + -2?
0
What is (26 - (-4 + 17 + 1)) + 1?
13
What is -3 - (-3 + 0 + (5 - 7)) - 6?
-4
What is -13 - (17 - (13 - (-6 - (-3 + -4))))?
-18
Evaluate -2 - -7 - (-6 + (15 + -10 - -6)).
0
18 + (35 - 62) + (-9 - -1)
-17
What is -2 - (11 - -8 - (7 + 1))?
-13
Evaluate (-18 - 9 - -6) + 21.
0
What is the value of 6 + -2 - -1 - (19 + -23 + 6)?
3
-8 - (18 - 6 - -2) - -2
-20
Calculate -4 + -3 - -7 - (8 - 3) - 1.
-6
Calculate -3 + 12 - (37 + -33 + (-22 - -1)).
26
What is (-14 - (-1 + -3)) + 23?
13
What is 5 - (-8 + 6 - -4) - 1?
2
What is the value of -3 + 1 + 0 + -7 + 4?
-5
-2 - (-22 + 7) - 14
-1
What is 2 - 1 - (2 + -3 + -14 + 17)?
-1
Evaluate (27 - 26) + 2 + 0 + 25 + -29.
-1
-24 + 3 + (45 + -51 - (-1 + -5))
-21
What is the value of 20 + (-3 - (-11 - -12)) + (5 - 10)?
11
What is -6 + 0 + (20 - 16) + 2 - -3?
3
-910 + 889 + (-4 - 2)
-27
What is the value of -4 + 3 + (25 - 32) - -9?
1
What is the value of 2 - (2 + (2 - (8 + 2)) + 0)?
8
What is (-48 + 1 + 16 - 0) + 11?
-20
What is the value of (-5 - (30 + -70)) + 0 + -6?
29
3 + (-16 - -3) + 3 + (89 - 90)
-8
What is -5 + -2 + -5 + 6 + (5 - 2)?
-3
What is the value of 2 + -2 + (-1003 - -991)?
-12
Evaluate (1 - (-2 + 5)) + 1 + -2 + 11.
8
Evaluate 21 - (16 + -6) - (-5 + 2 + -5).
19
What is 27 + -14 + -3 + 4?
14
What is (-13 - -1) + 9 + -1 + 7 - -26?
29
-16 + 9 + (5 - (11 - 2))
-11
What is 0 - ((3 - 4) + -6) - 1?
6
3 - 21 - -21 - (-7 - -2)
8
What is (5 - 13) + 13 + -31?
-26
Calculate 35 - 0 - 26 - (-6 + -13).
28
What is 8 + (-1 - (24 - 4 - 13))?
0
Calculate (13 - 0) + (-38 + 32 - -7).
14
Evaluate 14 + (6 - (12 + 7)).
1
Evaluate (1 - -1) + (-19 - (-17 + 36 - 39)).
3
Evaluate -2 - 3 - (4 - 6 - 22).
19
What is -17 - (5 + (-13 - -1) - (1 + -7))?
-16
Calculate (14 - 2) + (7 - 4) - 4.
11
Evaluate 1 - 8 - (-22 - -13 - -16).
-14
Calculate (-5 - (21 + -4) - -8) + 4.
-10
What is -3 + -7 + 17 - (0 - (2 - 1))?
8
What is the value of -27 - (-3 + (9 - 19))?
-14
What is 4 + 5 + -17 + (15 + -37 - -20)?
-10
What is -15 + (9 - -19) - (-6 - 14)?
33
What is (26 - -1) + (-40 - -32) - 8?
11
(9 - (-14 - (-33 - -16))) + -6
0
What is -6 - (-6 + 20 + -5)?
-15
Evaluate 6 + (-10 - (-2 + (9 - 10))).
-1
What is -3 - ((4 - -2) + (-16 - (4 - 14)))?
-3
Calculate 1485 - 1451 - (27 - 0).
7
What is the value of -7 - (-9 + 20 + -7 - -2 - 3)?
-10
(19 - (20 + 0)) + 16
15
Calculate 3 + 10 + -15 + -2 + -1 + 4.
-1
What is the value of 11 - -2 - (73 - 61)?
1
Evaluate -24 - -26 - (3 + -1) - -6.
6
Evaluate 6 + -15 + 2 + 11 + (3 - 0).
7
(-12 + 5 - -34 - 4) + -3
20
Evaluate (0 - (7 + 2)) + 6.
-3
Evaluate (2 - 2) + (-2 - 21) - (-565 - -557).
-15
What is the value of -449 + 437 - (-27 - -3)?
12
3 - 0 - 6 - (289 + -272)
-20
Evaluate -21 - (6 - -2 - (30 - 11)).
-10
Calculate -3 + (26 - 15) + 14.
22
Evaluate -11 + 18 + -31 + 21.
-3
Calculate -2 + -7 + 1 + -1 + 5.
-4
What is -24 - (3 + -17 + 11 - 4)?
-17
Evaluate -5 - 0 - (-29 + 32).
-8
What is the value of -1 + (-6 - (-6 + 1 + -4)) + -6?
-4
What is 73 - 71 - (5 + -4 - (-9 + -1))?
-9
Evaluate 3 - (7 + -16 + (-4 - -9)).
7
What is -1 - (7 + (-1 - (-8 + -2 + 5)))?
-12
Evaluate 0 + 2 - -10 - (7 - (-29 - -32)).
8
Calculate (-4 - 4) + (-45 - -61).
8
-31 - (10 + (5 - 33))
-13
10 - (-22 + (-10 - -32))
10
Calculate (-18 - 0) + (77 + -66 - (5 + -1)).
-11
Evaluate -23 - 14 - -21 - (-1 + 1).
-16
Calculate -9 + 0 - ((-64 - -60) + 15 + 2).
-22
Calculate 1 + -1 + (-5 - 1) - (3 + -5).
-4
What is the value of 18 - (-16 - -30) - -7?
11
(0 + 2 - -6) + 1 - 3
6
What is the value of (4 - (-2 + 13) - -21) + 13?
27
What is 19 - ((1 - 0) + 13)?
5
-1 + -8 + (-1 - (5 + -8))
-7
What is (-9 - (-6 - -11)) + 12?
-2
Evaluate 1 + -15 + 70 + -67.
-11
Calculate -17 + (23 + 11 - 17).
0
What is the value of (-6 - (7 + -11 - (4 - -1))) + 1?
4
What is (-14 - (-9 - (14 + -5))) + 3 + 26?
33
Evaluate 7 - (14 + -4 + 6 + -1).
-8
What is the value of 853 - 828 - (12 + 0)?
13
Evaluate 3 - ((10 - (-16 + 18)) + 1).
-6
Evaluate (2 - 1) + (7 - 4) + 7.
11
(-11 - -22) + -6 + (2 - 1)
6
Evaluate -3 + -2 + (21 - 32 - 14) + -8.
-38
-2 + 1 + (-249 - -252) + (0 - 10)
-8
Evaluate 2 - 4 - (-11 + 73 + -33).
-31
Calculate 23 + (11 + (-8 - (6 - -7)) - -8).
21
Evaluate 1253 + -1234 - (0 + 27).
-8
Calculate (-8 - -8) + (-8 - 0).
-8
What is the value of -2 - 5 - -10 - ((3 - 6) + 7)?
-1
Evaluate 5 + -11 + (1 + -11 - (-91 + 90)).
-15
-4 - (-1 + (1 - -7 - 6) - 2)
-3
Calculate -10 + (-1 - 2 - (2 - 24)).
9
Calculate -2 - (9 - (8 + 5)).
2
What is 284 + -318 + 16 + 0?
-18
(-12 - -4 - (-12 - -3) - -8) + -32
-23
(20 - -13) + -44 - 8
-19
What is the value of 11 + (-10 - (-14 + 8))?
7
10 + -59 - (160 + -172)
-37
What is the value of 33 - (7 + 7 + (-16 - -4))?
31
What is the value of 22 + (-11 - -4) - (-2 - -11)?
6
What is the value of (-1 - 13) + 86 + -46?
26
Evaluate -15 + 6 + 13 - (-2 - 1).
7
What is the value of (-8 - -2 - 8) + 25 - 24?
-13
What is the value of 6 + -36 + 28 + 22?
20
-5 - (37 - 26) - 1
-17
What is (17 - 10) + -9 + 10 - (6 + 1)?
1
Evaluate (5 - (-1 + 8)) + (0 + 0 - 6).
-8
Evalu